{"id":21,"date":"2020-04-11T19:50:26","date_gmt":"2020-04-11T17:50:26","guid":{"rendered":"https:\/\/brasilcapoeira.com\/bern\/?page_id=21"},"modified":"2020-04-11T20:03:58","modified_gmt":"2020-04-11T18:03:58","slug":"mestre-matias","status":"publish","type":"page","link":"https:\/\/brasilcapoeira.com\/bern\/brasil-capoeira-schule\/mestre-matias\/","title":{"rendered":"Mestre Matias"},"content":{"rendered":"\n<div class=\"wp-block-group\"><div class=\"wp-block-group__inner-container is-layout-flow wp-block-group-is-layout-flow\">\n<div class=\"wp-block-image\"><figure class=\"alignright size-large is-resized\"><img loading=\"lazy\" decoding=\"async\" src=\"https:\/\/brasilcapoeira.com\/bern\/wp-content\/uploads\/sites\/2\/2020\/04\/matias.jpg\" alt=\"\" class=\"wp-image-24\" width=\"246\" height=\"333\" srcset=\"https:\/\/brasilcapoeira.com\/bern\/wp-content\/uploads\/sites\/2\/2020\/04\/matias.jpg 265w, https:\/\/brasilcapoeira.com\/bern\/wp-content\/uploads\/sites\/2\/2020\/04\/matias-222x300.jpg 222w\" sizes=\"auto, (max-width: 246px) 100vw, 246px\" \/><\/figure><\/div>\n<\/div><\/div>\n\n\n\n<p>Manoel Matias Lopes, Mestre Matias, kam am\n2. Dezember 1963 in Canabrava, im Staat Minas Gerais (Brasilien) zur Welt. <\/p>\n\n\n\n<p>Seine Reise in die Welt der Capoeira begann, als er zum ersten Mal eine Capoeira-Roda von Mestre Dunga auf der Pra\u00e7a Sete in Belo Horizonte sah. Es war eine Leidenschaft auf den ersten Blick. <\/p>\n\n\n\n<p>Mit 14 Jahren begann er mit Capoeira in\nSete Lagoas bei der Gruppe Chocalho und den Professores Nelsinho und Edson. Sie\nsollten sp\u00e4ter Teil der Gruppe Berimbau de Ouro von Mestre Marreta werden. <\/p>\n\n\n\n<p><a href=\"javascript:;\"><\/a><\/p>\n\n\n\n<h3 class=\"wp-block-heading\">Unterricht als Capoeira Lehrer<\/h3>\n\n\n\n<p>1984,\nmit 21 Jahren, begann er Capoeira-Unterricht in Curvelo (MG) zu geben. Er\ngr\u00fcndete seine erste Academia und liess am 12. Mai 1985 die Associa\u00e7\u00e3o Brasil\nCapoeira offiziell ins Register eintragen. <\/p>\n\n\n\n<p>Matias\nwar der Erste, der Capoeira nach Curvelo brachte. Er verbreitete Capoeira \u00fcber\nmehrere Nachbarst\u00e4dte: Curvelo, Inimutaba, Corinto, Felixl\u00e2ndia, Caetanopolis,\nParaopeba, Diamantina und Umgebung. Er organisierte grosse Capoeira-Treffen,\nunterrichtete in Gemeinden, Grund- und Mittelschulen, Krippen und\nWaisenh\u00e4usern, in Theatern, Sportklubs und Academias. <\/p>\n\n\n\n<div class=\"wp-block-image\"><figure class=\"aligncenter size-large\"><img loading=\"lazy\" decoding=\"async\" width=\"300\" height=\"338\" src=\"https:\/\/brasilcapoeira.com\/bern\/wp-content\/uploads\/sites\/2\/2020\/04\/matias_2-1.jpg\" alt=\"\" class=\"wp-image-23\" srcset=\"https:\/\/brasilcapoeira.com\/bern\/wp-content\/uploads\/sites\/2\/2020\/04\/matias_2-1.jpg 300w, https:\/\/brasilcapoeira.com\/bern\/wp-content\/uploads\/sites\/2\/2020\/04\/matias_2-1-266x300.jpg 266w\" sizes=\"auto, (max-width: 300px) 100vw, 300px\" \/><figcaption>Mestre Matias (rechts) mit Sch\u00fclern aus Curvelo und Felixl\u00e2ndia<\/figcaption><\/figure><\/div>\n\n\n\n<p>Am 2. Februar 1986 erhielt er den Titel &#8222;Contra-Mestre&#8220; durch Mestre Pedrinho und Mestre Reginaldo Santana in der Stadt Pedro Leopoldo in Minas Gerais.<\/p>\n\n\n\n<h3 class=\"wp-block-heading\">Reise nach Europa<\/h3>\n\n\n\n<p>Matias entschied sich Brasilien zu verlassen und wagt sich auf ein Abenteuer nach Europa. Er gelangt im Fr\u00fchling 1989 in die Schweiz, nach Z\u00fcrich. Da lebt er einige Monate und erh\u00e4lt grosse Unterst\u00fctzung von Edna, einer fr\u00fcheren Sch\u00fclerin aus Curvelo, die in Z\u00fcrich lebt. Danach z\u00fcgelt er nach Bern, die Hauptstadt der Schweiz mit ihren wunderbaren Menschen. Matias war der erste Capoeirista, der eine Capoeiraschule in Bern gr\u00fcndete.<br> <br>In den ersten Jahren war es sehr schwierig eine Capoeira-Arbeit aufzunehmen. Vorerst musste Deutsch gelernt werden. Zudem war Capoeira hierzulande eine v\u00f6llig unbekannte Kunst. Aber der Wille zu gewinnen war st\u00e4rker: Matias spielte im Winter auf den Strassen Berimbau und zeigte Bewegungen alleine vor. Nach einer gewissen Zeit tauchten andere Capoeiristas auf, mit denen er w\u00e4hrend einiger Zeit Capoeira in der ganzen Schweiz und auch in anderen L\u00e4ndern vorf\u00fchrte. Erst mit viel Arbeit und Hingabe gelang es ihm die Hindernisse zu \u00fcberwinden. <\/p>\n\n\n\n<h3 class=\"wp-block-heading\">&#8222;Mestre&#8220; &#8211;  Ein Traum wird wahr<\/h3>\n\n\n\n<div class=\"wp-block-group\"><div class=\"wp-block-group__inner-container is-layout-flow wp-block-group-is-layout-flow\">\n<div class=\"wp-block-image\"><figure class=\"alignright size-large is-resized\"><img loading=\"lazy\" decoding=\"async\" src=\"https:\/\/brasilcapoeira.com\/bern\/wp-content\/uploads\/sites\/2\/2020\/04\/matias_5.1dunga.jpg\" alt=\"\" class=\"wp-image-26\" width=\"343\" height=\"251\" srcset=\"https:\/\/brasilcapoeira.com\/bern\/wp-content\/uploads\/sites\/2\/2020\/04\/matias_5.1dunga.jpg 410w, https:\/\/brasilcapoeira.com\/bern\/wp-content\/uploads\/sites\/2\/2020\/04\/matias_5.1dunga-300x220.jpg 300w\" sizes=\"auto, (max-width: 343px) 100vw, 343px\" \/><figcaption>Mestre Matias und Mestre Dunga<\/figcaption><\/figure><\/div>\n<\/div><\/div>\n\n\n\n<p>1991 kehrte Matias nach Brasilien zur\u00fcck und organisierte einen weiteren grossen Event im Gin\u00e1sio Poliesportivo von Curvelo. Es kam zu einer grossen \u00dcberraschung: Mestre Dunga ernennt Matias zum Mestre (Capoeira-Meister). Ein Kindheitstraum wurde Wirklichkeit.<br>Seine grosse Leidenschaft f\u00fcr die Capoeira und seine Beharrlichkeit brachten Matias dazu, die Grenzen der Schweiz zu \u00fcberschreiten und als Ehrengast an Batizados, Treffen und Workshops in zahlreichen L\u00e4ndern in Europa, S\u00fcd- und Nordamerika teilzunehmen.<\/p>\n\n\n\n<h3 class=\"wp-block-heading\">Kurse und Projekte<\/h3>\n\n\n\n<p>In der Schweiz gibt Mestre Matias neben den normalen Stunden in seiner Brasil Capoeira Schule in Bern auch seit 1996 w\u00f6chentlich Unterricht an der Universit\u00e4t Bern und arbeitet immer wieder mit verschiedenen Grund- und Mittelschulen zusammen, wo er eint\u00e4gige oder einw\u00f6chige Capoeira-Projekte durchf\u00fchrt.<\/p>\n\n\n\n<p>Mestre Matias organisiert j\u00e4hrlich bis zu zwei grosse Capoeira Veranstaltungen mit Ehreng\u00e4sten aus aller Welt und bereist selbst die Welt um an anderen Veranstaltungen zu unterrichten.<br>Mit den Jahren entstanden verschiedene Brasil Capoeira Filialen in der Schweiz und anderen L\u00e4ndern, welche von Mestre Matias und seinen fortgeschrittenen Sch\u00fclern geleitet werden. Solche sind unter anderem in Bern, Basel, Biel\/Bienne, B\u00fcmpliz, Berlin (DE), Curvelo (BR), D\u00fcdingen, Inimutaba (BR), Lyon (FR), Murten und Thun anzutreffen (Stand M\u00e4rz 2020).<\/p>\n","protected":false},"excerpt":{"rendered":"<p>Manoel Matias Lopes, Mestre Matias, kam am 2. Dezember 1963 in Canabrava, im Staat Minas Gerais (Brasilien) zur Welt. Seine Reise in die Welt der Capoeira begann, als er zum ersten Mal eine Capoeira-Roda von Mestre Dunga auf der Pra\u00e7a Sete in Belo Horizonte sah. Es war eine Leidenschaft auf den ersten Blick. Mit 14 [&hellip;]<\/p>\n","protected":false},"author":1,"featured_media":0,"parent":30,"menu_order":0,"comment_status":"closed","ping_status":"closed","template":"","meta":{"footnotes":""},"class_list":["post-21","page","type-page","status-publish","hentry"],"_links":{"self":[{"href":"https:\/\/brasilcapoeira.com\/bern\/wp-json\/wp\/v2\/pages\/21","targetHints":{"allow":["GET"]}}],"collection":[{"href":"https:\/\/brasilcapoeira.com\/bern\/wp-json\/wp\/v2\/pages"}],"about":[{"href":"https:\/\/brasilcapoeira.com\/bern\/wp-json\/wp\/v2\/types\/page"}],"author":[{"embeddable":true,"href":"https:\/\/brasilcapoeira.com\/bern\/wp-json\/wp\/v2\/users\/1"}],"replies":[{"embeddable":true,"href":"https:\/\/brasilcapoeira.com\/bern\/wp-json\/wp\/v2\/comments?post=21"}],"version-history":[{"count":3,"href":"https:\/\/brasilcapoeira.com\/bern\/wp-json\/wp\/v2\/pages\/21\/revisions"}],"predecessor-version":[{"id":29,"href":"https:\/\/brasilcapoeira.com\/bern\/wp-json\/wp\/v2\/pages\/21\/revisions\/29"}],"up":[{"embeddable":true,"href":"https:\/\/brasilcapoeira.com\/bern\/wp-json\/wp\/v2\/pages\/30"}],"wp:attachment":[{"href":"https:\/\/brasilcapoeira.com\/bern\/wp-json\/wp\/v2\/media?parent=21"}],"curies":[{"name":"wp","href":"https:\/\/api.w.org\/{rel}","templated":true}]}}