{"id":68,"date":"2020-05-04T20:15:13","date_gmt":"2020-05-04T18:15:13","guid":{"rendered":"https:\/\/brasilcapoeira.com\/bern\/?page_id=68"},"modified":"2020-05-04T20:15:26","modified_gmt":"2020-05-04T18:15:26","slug":"medien","status":"publish","type":"page","link":"https:\/\/brasilcapoeira.com\/bern\/medien\/","title":{"rendered":"Medien"},"content":{"rendered":"\n<h3 class=\"wp-block-heading\">Videos und Fotos<\/h3>\n\n\n\n<p>Videos und Fotos teilen wir \u00fcber unsere Social-Media Plattformen.<br>Sieh dich um und gib uns ein Like. Damit unterst\u00fctzt du unsere Online-Pr\u00e4senz.<\/p>\n\n\n\n<p>Youtube Kan\u00e4le: <br><a rel=\"noreferrer noopener\" aria-label=\"Brasil Capoeira \u2013 Mestre Matias (\u00f6ffnet in neuem Tab)\" href=\"https:\/\/www.youtube.com\/user\/brassisse\" target=\"_blank\">Brasil Capoeira \u2013 Mestre Matias<\/a>, <a rel=\"noreferrer noopener\" href=\"https:\/\/www.youtube.com\/user\/ABCapoeiraMineiro\" target=\"_blank\">Brasil Capoeira \u2013 Professor Mineiro<\/a> <\/p>\n\n\n\n<p>Facebook Seite:<br><a rel=\"noreferrer noopener\" aria-label=\"@brasilcapoeira.bern (\u00f6ffnet in neuem Tab)\" href=\"https:\/\/www.facebook.com\/brasilcapoeira.bern\" target=\"_blank\">@brasilcapoeira.bern<\/a><\/p>\n\n\n\n<p>Instagram Seite:<br><a href=\"https:\/\/www.instagram.com\/brasilcapoeira_bern\/\" target=\"_blank\" rel=\"noreferrer noopener\" aria-label=\"@brasilcapoeira_bern (\u00f6ffnet in neuem Tab)\">@brasilcapoeira_bern<\/a><\/p>\n\n\n\n<p>Partner Seiten (Facebook):<br><a rel=\"noreferrer noopener\" aria-label=\"Brasil Capoeira Biel\/Bienne (\u00f6ffnet in neuem Tab)\" href=\"https:\/\/www.facebook.com\/brasilcapoeirabienne\" target=\"_blank\">Brasil Capoeira Biel\/Bienne<\/a>, <a rel=\"noreferrer noopener\" aria-label=\"Brasil Capoeira Basel (\u00f6ffnet in neuem Tab)\" href=\"https:\/\/www.facebook.com\/BrasilCapoeiraBasel\/\" target=\"_blank\">Brasil Capoeira Basel<\/a>, <a rel=\"noreferrer noopener\" href=\"https:\/\/www.facebook.com\/bc.mineiro\/\" target=\"_blank\">Professor Mineiro<\/a><\/p>\n\n\n\n<div style=\"height:58px\" aria-hidden=\"true\" class=\"wp-block-spacer\"><\/div>\n\n\n\n<figure class=\"wp-block-embed-youtube wp-block-embed is-type-video is-provider-youtube wp-embed-aspect-16-9 wp-has-aspect-ratio\"><div class=\"wp-block-embed__wrapper\">\n<iframe loading=\"lazy\" title=\"Aula Mestre Matias - com c\u00e2mara de ar bicicleta\" width=\"640\" height=\"360\" src=\"https:\/\/www.youtube.com\/embed\/XpRy3XYDTQI?feature=oembed\" frameborder=\"0\" allow=\"accelerometer; autoplay; clipboard-write; encrypted-media; gyroscope; picture-in-picture; web-share\" referrerpolicy=\"strict-origin-when-cross-origin\" allowfullscreen><\/iframe>\n<\/div><\/figure>\n","protected":false},"excerpt":{"rendered":"<p>Videos und Fotos Videos und Fotos teilen wir \u00fcber unsere Social-Media Plattformen.Sieh dich um und gib uns ein Like. Damit unterst\u00fctzt du unsere Online-Pr\u00e4senz. Youtube Kan\u00e4le: Brasil Capoeira \u2013 Mestre Matias, Brasil Capoeira \u2013 Professor Mineiro Facebook Seite:@brasilcapoeira.bern Instagram Seite:@brasilcapoeira_bern Partner Seiten (Facebook):Brasil Capoeira Biel\/Bienne, Brasil Capoeira Basel, Professor Mineiro<\/p>\n","protected":false},"author":1,"featured_media":0,"parent":0,"menu_order":0,"comment_status":"closed","ping_status":"closed","template":"","meta":{"footnotes":""},"class_list":["post-68","page","type-page","status-publish","hentry"],"_links":{"self":[{"href":"https:\/\/brasilcapoeira.com\/bern\/wp-json\/wp\/v2\/pages\/68","targetHints":{"allow":["GET"]}}],"collection":[{"href":"https:\/\/brasilcapoeira.com\/bern\/wp-json\/wp\/v2\/pages"}],"about":[{"href":"https:\/\/brasilcapoeira.com\/bern\/wp-json\/wp\/v2\/types\/page"}],"author":[{"embeddable":true,"href":"https:\/\/brasilcapoeira.com\/bern\/wp-json\/wp\/v2\/users\/1"}],"replies":[{"embeddable":true,"href":"https:\/\/brasilcapoeira.com\/bern\/wp-json\/wp\/v2\/comments?post=68"}],"version-history":[{"count":2,"href":"https:\/\/brasilcapoeira.com\/bern\/wp-json\/wp\/v2\/pages\/68\/revisions"}],"predecessor-version":[{"id":70,"href":"https:\/\/brasilcapoeira.com\/bern\/wp-json\/wp\/v2\/pages\/68\/revisions\/70"}],"wp:attachment":[{"href":"https:\/\/brasilcapoeira.com\/bern\/wp-json\/wp\/v2\/media?parent=68"}],"curies":[{"name":"wp","href":"https:\/\/api.w.org\/{rel}","templated":true}]}}